+ 275. Calculate the remainder when d is divided by q.
17
What is the remainder when 39 is divided by ((-2)/(-2))/((-18)/(-252))?
11
Let q = 5 - 1. Let n(y) = 2*y**2 - 6*y - y + 4 + y. What is the remainder when 35 is divided by n(q)?
11
Let j(m) = m**3 + 11*m**2 + 10*m + 7. Let r be j(-9). Suppose 0 = 3*x - 2*x - r. Calculate the remainder when x is divided by 27.
25
Let g(n) = -n**3 - 3*n**2 - n - 2. Let u = 7 - -9. Suppose 3*b + b = -u. Calculate the remainder when g(b) is divided by 10.
8
Let q be (4/5)/(12/(-450)). Let k = q - -42. Suppose k = 2*l + 2*l. What is the remainder when 5 is divided by l?
2
Let h = 5 + 11. Calculate the remainder when 61 is divided by h.
13
Suppose 20*f - 38 = 19*f. What is the remainder when f is divided by 10?
8
Let h(y) = y**3 + 9*y**2 - 13*y - 7. Suppose 4*l - l - 42 = 0. Let q = l - 2. Calculate the remainder when h(-10) is divided by q.
11
Suppose 4*m = 5*x + 98, 2*x - 4*x - 4*m = 28. Let d = -13 - x. Calculate the remainder when 14 is divided by d.
4
Let g be (-3 - -12) + -1 + 2. Suppose t + 0 - g = 0. Suppose 3*n + 41 = 2*d, t = -3*n + n. What is the remainder when d is divided by 7?
6
Let q = -1 - -3. Suppose 11 + 19 = q*x. Calculate the remainder when x is divided by 8.
7
Suppose 180 = -0*n + 5*n. Calculate the remainder when 103 is divided by n.
31
Suppose 0*n + 4*n - 48 = 0. Suppose -2*u + 1 = 3, 179 = 4*g + 5*u. What is the remainder when g is divided by n?
10
Let d(b) = -2*b**3. Let x be d(-1). Suppose 5*s - x*s - 9 = 0. What is the remainder when 9 is divided by s?
0
Suppose 2*f = f + 2. Suppose -2*d = -5*n - 15, d + f*d + 4*n = 11. Calculate the remainder when d is divided by (-8)/(-3) - 6/9.
1
Suppose 5*g = 2 + 278. What is the remainder when g is divided by 29?
27
Suppose 5*u = -20 + 15. Let n = 27 + u. Calculate the remainder when n is divided by 10.
6
Let x = 2 + 0. Let g(m) = 1 + x - 2*m**2 + m**2. Calculate the remainder when 7 is divided by g(0).
1
Let f = 10 - 6. What is the remainder when 11 is divided by f?
3
Suppose -3*a + 87 = -2*u, -2*a + 116 = 2*a - 5*u. What is the remainder when a is divided by 11?
7
Suppose 3*c = 2*a + 53, 3*c + 2*c - 5*a = 95. What is the remainder when 2*(5 + 14 + 3) is divided by c?
14
Let y be 9/6*(-4)/(-3). Suppose 2*x - 3*u - 4 = -0, -y*u = 0. Suppose x*v = 0, d - v - 8 = -0*v. What is the remainder when d is divided by 3?
2
What is the remainder when 9 is divided by 2*((-1)/(-1) + 2)?
3
Let s = -12 - -6. Let x(p) be the first derivative of -p**4/4 - 4*p**3/3 + p**2 - 2*p + 3. What is the remainder when x(s) is divided by 20?
18
Suppose 0 = -l + 4*y + 144, 0 = 2*l + 2*l - 2*y - 590. What is the remainder when l is divided by 25?
23
Suppose -7 = 3*h - 4. Let l = 5 + h. What is the remainder when 17 is divided by (-9)/(-1) - (l - 1)?
5
Suppose 3*y - 36 = -3*g, 3*g + 30 = 6*g + 5*y. Calculate the remainder when 73 is divided by g.
13
Suppose -3*c + 6*c - j = 128, 3*c = 4*j + 125. Calculate the remainder when c is divided by 9.
7
Let l be -2 + 3 + -1 + 0. Calculate the remainder when 4/(l - 2/(-8)) is divided by (-168)/(-27) - 4/18.
4
Let x(h) = h**2 - 6*h - 4. Calculate the remainder when x(7) is divided by 1.
0
Suppose 5*t = 78 + 27. Suppose -3*m = -4*m + 8. Calculate the remainder when t is divided by m.
5
Calculate the remainder when 550/(-15)*(-18)/15 is divided by 9.
8
Let j = 56 - 9. What is the remainder when j is divided by 4?
3
Suppose -65 - 19 = -4*j. Let m(q) = q - 24. Let h be m(12). Let n = 18 + h. What is the remainder when j is divided by n?
3
Suppose -4*p + 28 = 2*f, 5*f - 67 = -3*p - 4. Calculate the remainder when 59 is divided by f.
11
Let t = 72 + 21. Suppose -o = 5*m - 47, -2*o + 5*o + 4*m - 108 = 0. What is the remainder when t is divided by o?
29
What is the remainder when 79/3 - (-8)/(-6) is divided by 9?
7
Let b(s) = -2 + 0 + 4 - 5*s**2 + 3*s - 2*s**3 - 1. What is the remainder when b(-4) is divided by 19?
18
Let m = -4 - -6. Calculate the remainder when m*1/(-1) + 22 is divided by 7.
6
Suppose -29 = -g + 162. Let s = -123 + g. What is the remainder when s is divided by 23?
22
Let h(g) = g**3 + g + 47. Let n be h(0). Calculate the remainder when (n - 1/1) + 0 is divided by 24.
22
Let h be (-4 + (-2 - -2))*-4. Let f = -8 + h. Let n = f + 12. What is the remainder when 59 is divided by n?
19
Let y(i) = -i**3 - 2*i**2 + 3. What is the remainder when 46 is divided by y(-3)?
10
Let n(l) be the second derivative of 5*l**3/6 - l**2 + l. Calculate the remainder when n(5) is divided by 12.
11
Let t = 31 + -1. Let y = -6 + t. What is the remainder when 71 is divided by y?
23
Let u(g) = -4*g**3 - g**2. Let c = 4 - 5. Calculate the remainder when u(c) is divided by 3.
0
Let x be (-12)/(2 - 16/4). What is the remainder when 27 is divided by ((-12)/(-9))/(x/45)?
7
Let p = 9 - -4. Let v be (158/4)/((-1)/(-2)). Let b = v + -55. Calculate the remainder when b is divided by p.
11
Let r(l) = -l**3 - 6*l**2 - 5*l + 8. Let z be r(-6). Suppose 5*o + 2*b = 40 + z, 5*o = 3*b + 58. What is the remainder when 40 is divided by o?
12
Let c(y) = y**2 + 12*y - 9. Let s be c(-13). Suppose n - s*o - 5 = 0, -49 = -5*n + 4*o + 24. Calculate the remainder when n is divided by 5.
2
Suppose 5*d + 3*m - 69 = 0, -3*m = -5*d - 0*m + 51. What is the remainder when -2*1/2 + d is divided by 7?
4
Let c(r) = 4*r**2 - 3*r + 3. What is the remainder when c(-4) is divided by 10?
9
Suppose 2*w - 8 = -2*w. Suppose t - w*k + 4*k = 40, -3*t + 108 = 2*k. What is the remainder when t is divided by 12?
10
Let f = 8 - 13. Let w(r) = 3*r**2 + 6*r + 1. What is the remainder when w(f) is divided by 16?
14
Let z(u) = -u + 8. Let h = 12 + 42. What is the remainder when h is divided by z(-6)?
12
Let v(p) = -p**3 + p**2 + 7*p. What is the remainder when v(-4) is divided by 27?
25
Let c be 1 + 1 + (-10)/(-5). Let f = 8 - c. Suppose -f*p + 31 = 3*i - 5, 0 = 2*p. What is the remainder when i is divided by 7?
5
Let g(w) = -3*w - 22. Let f be g(-9). Suppose -5*b = -3*o + 85, f*o - 4*b = 228 - 69. What is the remainder when o is divided by 19?
16
Let z(c) = -7*c**2 - 3*c + 0 - c**3 - 2*c + 3*c**2 - 3. Calculate the remainder when z(-4) is divided by 6.
5
Let a = -14 - -28. Suppose -4*x + 102 = a. What is the remainder when 43 is divided by x?
21
Let i be -4 + 1 - (-3 + -85). Suppose -i = -2*s - 3*s. What is the remainder when s is divided by 6?
5
Let b be 1*81 + -2 + 1. Suppose 5*r + 25 = b. Suppose -4*u + 104 = 4*y, -22 = -2*y + 3*u + 5. Calculate the remainder when y is divided by r.
10
Let j(d) = -d**2 - 6*d + 3. Let o = -11 + 41. Calculate the remainder when o is divided by j(-5).
6
Let g(v) = 4*v**3 - 2*v**2 + v + 1. Calculate the remainder when 295 is divided by g(2).
25
Let u(a) = a**2 - 2*a + 30. Calculate the remainder when 89 is divided by u(0).
29
What is the remainder when 26 is divided by (-84)/15*((-3)/6 - 2)?
12
Suppose -5*c = -2*y + 46, 5*c = 5*y + 10*c - 80. Calculate the remainder when 33 is divided by y.
15
Let r(x) = 2*x**2 + 4*x - 4. What is the remainder when 21 is divided by r(2)?
9
Calculate the remainder when 57 is divided by ((-30)/(-21))/(10/140).
17
Suppose 68 = 2*w - 0*w. Calculate the remainder when w is divided by (3 - 1) + 16 + 0.
16
Suppose 2*s - 14 = -4*o, -3*s + 4*s + 4*o = -3. What is the remainder when s is divided by 10?
7
Suppose 5*n - 4 = 2*h, -3*n + 0 = -4*h - 8. Suppose -2*d + 34 = -n*d. Calculate the remainder when d is divided by 9.
8
Let k(p) = -5*p - 28. What is the remainder when k(-14) is divided by 15?
12
Let w = 213 - 112. Calculate the remainder when w is divided by 26.
23
Suppose -5*c + 0*c = -65. What is the remainder when 50 is divided by c?
11
Let v = 67 - 53. What is the remainder when 69 is divided by v?
13
Suppose -51 = -3*h - r - 3*r, 3*h - 54 = -3*r. Suppose 2*w = 3*t + h, 3*t + t = -3*w + 23. Calculate the remainder when (16 - (1 - 0)) + 2 is divided by w.
8
Let p = -303 + 442. What is the remainder when p is divided by 47?
45
Let x = -69 + 81. Let c = 151 + -105. What is the remainder when c is divided by x?
10
Suppose 0*p - 3*m - 16 = -2*p, -14 = -p + 3*m. Calculate the remainder when 7 is divided by p.
1
Suppose 5 + 7 = 3*y. Let v = 15 - 9. Calculate the remainder when v is divided by y.
2
Suppose 8*p = 6*p + 38. Calculate the remaind